What are the prime factors of 3024059?
19, 159161
What are the prime factors of 626211?
3, 859
What are the prime factors of 118977?
3, 39659
List the prime factors of 1169079.
3, 181, 2153
What are the prime factors of 4121788?
2, 11, 113, 829
What are the prime factors of 12810882?
2, 3, 7, 305021
List the prime factors of 19573.
23, 37
What are the prime factors of 17116?
2, 11, 389
List the prime factors of 516462.
2, 3, 86077
What are the prime factors of 931382?
2, 163, 2857
List the prime factors of 86894.
2, 23, 1889
List the prime factors of 1138095.
3, 5, 7, 3613
What are the prime factors of 7210749?
3, 7, 13, 61, 433
What are the prime factors of 145973?
61, 2393
List the prime factors of 4369919.
47, 109, 853
What are the prime factors of 7416119?
1427, 5197
List the prime factors of 105939.
3, 79, 149
What are the prime factors of 24742386?
2, 3, 167, 8231
List the prime factors of 11524813.
41, 181, 1553
What are the prime factors of 9423302?
2, 7, 673093
List the prime factors of 18253256.
2, 7, 325951
What are the prime factors of 414930?
2, 3, 5, 13831
List the prime factors of 342966.
2, 3, 13, 4397
List the prime factors of 5254569.
3, 583841
List the prime factors of 139544.
2, 17443
List the prime factors of 177846.
2, 3, 29641
What are the prime factors of 34143?
3, 19, 599
What are the prime factors of 110364?
2, 3, 17, 541
What are the prime factors of 963965?
5, 19, 73, 139
What are the prime factors of 126348?
2, 3, 10529
What are the prime factors of 12233183?
17, 719599
List the prime factors of 17012550.
2, 3, 5, 113417
What are the prime factors of 542157?
3, 7, 11, 2347
List the prime factors of 1825261.
1825261
List the prime factors of 756216.
2, 3, 389
List the prime factors of 505796.
2, 31, 4079
What are the prime factors of 330792?
2, 3, 7, 11, 179
What are the prime factors of 39572?
2, 13, 761
List the prime factors of 343653.
3, 19, 6029
What are the prime factors of 1140980?
2, 5, 89, 641
List the prime factors of 583454.
2, 291727
List the prime factors of 3301602.
2, 3, 550267
List the prime factors of 6275620.
2, 5, 13, 24137
What are the prime factors of 215298?
2, 3, 443
What are the prime factors of 824959?
17, 48527
List the prime factors of 3659418.
2, 3, 7, 461
What are the prime factors of 200490?
2, 3, 5, 41, 163
What are the prime factors of 344206?
2, 59, 2917
List the prime factors of 624041.
11, 56731
List the prime factors of 9592752.
2, 3, 13, 15373
List the prime factors of 1694207.
1694207
What are the prime factors of 569196?
2, 3, 97, 163
What are the prime factors of 3589335?
3, 5, 31, 83
What are the prime factors of 1492993?
1492993
What are the prime factors of 1265649?
3, 7, 11, 5479
What are the prime factors of 1032040?
2, 5, 25801
List the prime factors of 94939.
13, 67, 109
List the prime factors of 458380.
2, 5, 13, 41, 43
What are the prime factors of 28680996?
2, 3, 227, 10529
List the prime factors of 689791.
37, 103, 181
What are the prime factors of 456196?
2, 13, 31, 283
What are the prime factors of 98869?
98869
What are the prime factors of 11383812?
2, 3, 11, 17, 19, 89
List the prime factors of 292937.
457, 641
List the prime factors of 886990.
2, 5, 13, 6823
What are the prime factors of 1535474?
2, 17, 45161
List the prime factors of 962814.
2, 3, 37, 4337
List the prime factors of 10139987.
11, 13, 23, 3083
List the prime factors of 4174326.
2, 3, 13, 17839
List the prime factors of 384762.
2, 3, 7, 9161
List the prime factors of 721120.
2, 5, 4507
List the prime factors of 150731.
7, 61, 353
List the prime factors of 977060.
2, 5, 7, 997
List the prime factors of 2189595.
3, 5, 61, 2393
What are the prime factors of 62211?
3, 89, 233
What are the prime factors of 289981?
409, 709
What are the prime factors of 3064650?
2, 3, 5, 20431
List the prime factors of 1658359.
1658359
What are the prime factors of 3222283?
1201, 2683
List the prime factors of 239011.
457, 523
List the prime factors of 4723002.
2, 3, 149, 587
List the prime factors of 2186329.
151, 14479
List the prime factors of 301783.
23, 13121
List the prime factors of 4459400.
2, 5, 11, 2027
List the prime factors of 543113.
543113
List the prime factors of 1547865.
3, 5, 11, 53, 59
List the prime factors of 206963.
67, 3089
List the prime factors of 5097420.
2, 3, 5, 28319
What are the prime factors of 20076795?
3, 5, 127, 1171
List the prime factors of 387390.
2, 3, 5, 37, 349
List the prime factors of 10017685.
5, 83, 101, 239
List the prime factors of 2807228.
2, 421, 1667
What are the prime factors of 3538099?
1543, 2293
List the prime factors of 24321093.
3, 8107031
List the prime factors of 113917.
17, 6701
What are the prime factors of 2355865?
5, 471173
What are the prime factors of 3636008?
2, 454501
What are the prime factors of 12855262?
2, 7, 61, 15053
What are the prime factors of 2514364?
2, 628591
List the prime factors of 5333707.
5333707
List the prime factors of 655218.
2, 3, 89, 409
What are the prime factors of 1718151?
3, 19, 43, 701
What are the prime factors of 8973725?
5, 31, 11579
List the prime factors of 5419736.
2, 7, 17, 5693
List the prime factors of 836127.
3, 61, 1523
List the prime factors of 34748605.
5, 6949721
What are the prime factors of 225264?
2, 3, 13, 19
What are the prime factors of 14175017?
14175017
What are the prime factors of 48275?
5, 1931
List the prime factors of 1986812.
2, 496703
List the prime factors of 1233002.
2, 616501
What are the prime factors of 6501870?
2, 3, 5, 23, 349
What are the prime factors of 50966?
2, 17, 1499
List the prime factors of 12784615.
5, 71, 36013
What are the prime factors of 83172?
2, 3, 29, 239
What are the prime factors of 713881?
7, 17, 857
List the prime factors of 72854.
2, 73, 499
List the prime factors of 41903.
41903
What are the prime factors of 75521?
75521
List the prime factors of 974157.
3, 443, 733
List the prime factors of 13202982.
2, 3, 13, 17, 3319
What are the prime factors of 26583470?
2, 5, 19, 181, 773
What are the prime factors of 5201316?
2, 3, 144481
What are the prime factors of 414089?
13, 53, 601
What are the prime factors of 19920857?
11, 1319, 1373
What are the prime factors of 3154120?
2, 5, 78853
What are the prime factors of 4771176?
2, 3, 61, 3259
List the prime factors of 16995460.
2, 5, 849773
List the prime factors of 580209.
3, 7, 3947
What are the prime factors of 1871333?
367, 5099
List the prime factors of 3551430.
2, 3, 5, 23, 5147
What are the prime factors of 279505?
5, 55901
List the prime factors of 631053.
3, 70117
List the prime factors of 1579425.
3, 5, 21059
What are the prime factors of 753793?
753793
What are the prime factors of 5229319?
17, 139, 2213
What are the prime factors of 7165274?
2, 3582637
What are the prime factors of 265464?
2, 3, 1229
List the prime factors of 934293.
3, 29, 10739
What are the prime factors of 987628?
2, 246907
What are the prime factors of 3400408?
2, 11, 17, 2273
List the prime factors of 5385648.
2, 3, 29, 53, 73
What are the prime factors of 147502?
2, 73751
List the prime factors of 32291.
7, 659
List the prime factors of 1601651.
23, 83, 839
List the prime factors of 406571.
11, 23, 1607
What are the prime factors of 3487304?
2, 435913
List the prime factors of 7915776.
2, 3, 11, 937
What are the prime factors of 1426775?
5, 7, 31, 263
What are the prime factors of 8143170?
2, 3, 5, 7, 17, 2281
What are the prime factors of 42499?
42499
List the prime factors of 1239887.
11, 10247
List the prime factors of 87770.
2, 5, 67, 131
List the prime factors of 3219.
3, 29, 37
What are the prime factors of 922450?
2, 5, 19, 971
What are the prime factors of 1486711?
1486711
List the prime factors of 74093.
74093
What are the prime factors of 4892107?
11, 17, 26161
List the prime factors of 26597180.
2, 5, 17, 137, 571
List the prime factors of 18325.
5, 733
What are the prime factors of 12894484?
2, 3223621
List the prime factors of 80792.
2, 10099
List the prime factors of 11896949.
181, 65729
What are the prime factors of 3064404?
2, 3, 7, 191
What are the prime factors of 25903956?
2, 3, 13, 47, 3533
What are the prime factors of 154118?
2, 263, 293
What are the prime factors of 4430497?
953, 4649
List the prime factors of 7724